125934257?
1
What is the ten thousands digit of 8047939?
4
What is the units digit of 1238417745?
5
What is the hundreds digit of 28267853?
8
What is the hundred thousands digit of 61360103?
3
What is the billions digit of 5108132094?
5
What is the ten thousands digit of 622888963?
8
What is the ten thousands digit of 96479004?
7
What is the ten thousands digit of 1476631458?
3
What is the millions digit of 1035497923?
5
What is the ten thousands digit of 130933344?
3
What is the units digit of 90668270?
0
What is the millions digit of 499277789?
9
What is the units digit of 2043316229?
9
What is the tens digit of 82890174?
7
What is the tens digit of 413680888?
8
What is the ten thousands digit of 3585006903?
0
What is the hundreds digit of 47823101?
1
What is the ten thousands digit of 252477226?
7
What is the hundred millions digit of 219194674?
2
What is the millions digit of 165588215?
5
What is the hundreds digit of 40108736?
7
What is the hundred millions digit of 1722818164?
7
What is the ten millions digit of 2619445185?
1
What is the ten thousands digit of 99580251?
8
What is the units digit of 767924398?
8
What is the hundred thousands digit of 333404255?
4
What is the tens digit of 932111622?
2
What is the ten thousands digit of 9759357?
5
What is the hundred millions digit of 3224910953?
2
What is the thousands digit of 2340666?
0
What is the units digit of 485472523?
3
What is the hundred thousands digit of 50292367?
2
What is the tens digit of 940320184?
8
What is the hundreds digit of 3130397628?
6
What is the millions digit of 1603832263?
3
What is the tens digit of 267179711?
1
What is the hundred thousands digit of 125672207?
6
What is the thousands digit of 1334667073?
7
What is the tens digit of 58260899?
9
What is the tens digit of 28949483?
8
What is the ten thousands digit of 86608286?
0
What is the tens digit of 955450414?
1
What is the hundred thousands digit of 690830447?
8
What is the thousands digit of 151871430?
1
What is the millions digit of 185103025?
5
What is the units digit of 423969296?
6
What is the thousands digit of 267960434?
0
What is the tens digit of 1264935561?
6
What is the ten thousands digit of 43240822?
4
What is the hundred thousands digit of 38151840?
1
What is the thousands digit of 115025775?
5
What is the ten millions digit of 38718182?
3
What is the ten millions digit of 508064112?
0
What is the millions digit of 48834351?
8
What is the hundreds digit of 164030313?
3
What is the hundred millions digit of 574293471?
5
What is the hundred millions digit of 1194228558?
1
What is the tens digit of 2127023568?
6
What is the millions digit of 2965021?
2
What is the hundreds digit of 2910218778?
7
What is the tens digit of 299405847?
4
What is the billions digit of 5278627703?
5
What is the millions digit of 621587919?
1
What is the millions digit of 434550763?
4
What is the hundred thousands digit of 1538541166?
5
What is the hundred thousands digit of 3742849695?
8
What is the ten thousands digit of 45394330?
9
What is the ten millions digit of 3851482043?
5
What is the thousands digit of 676539996?
9
What is the ten thousands digit of 62038249?
3
What is the ten thousands digit of 93160818?
6
What is the units digit of 118324239?
9
What is the ten millions digit of 36476924?
3
What is the ten thousands digit of 204292538?
9
What is the units digit of 50576016?
6
What is the hundred thousands digit of 84080570?
0
What is the ten thousands digit of 3161892025?
9
What is the thousands digit of 5781284?
1
What is the ten millions digit of 4207041969?
0
What is the units digit of 413358867?
7
What is the units digit of 157103783?
3
What is the ten thousands digit of 7595780?
9
What is the hundred millions digit of 942244122?
9
What is the thousands digit of 62451879?
1
What is the billions digit of 1428008805?
1
What is the billions digit of 4145484473?
4
What is the ten millions digit of 1934894207?
3
What is the thousands digit of 54987363?
7
What is the tens digit of 51600685?
8
What is the ten millions digit of 738814498?
3
What is the tens digit of 3060066436?
3
What is the tens digit of 880966839?
3
What is the millions digit of 962719079?
2
What is the tens digit of 59774151?
5
What is the ten thousands digit of 712448157?
4
What is the hundreds digit of 581118411?
4
What is the units digit of 4946184?
4
What is the millions digit of 3959759?
3
What is the hundreds digit of 423804502?
5
What is the ten millions digit of 68214523?
6
What is the ten thousands digit of 270145460?
4
What is the hundred thousands digit of 216967164?
9
What is the billions digit of 7894343675?
7
What is the millions digit of 519965775?
9
What is the billions digit of 1201671583?
1
What is the millions digit of 169815457?
9
What is the units digit of 469869360?
0
What is the thousands digit of 509125684?
5
What is the hundred thousands digit of 64502889?
5
What is the thousands digit of 8573787037?
7
What is the thousands digit of 88732902?
2
What is the ten millions digit of 74882324?
7
What is the hundred thousands digit of 37873691?
8
What is the ten millions digit of 50032131?
5
What is the thousands digit of 2040956882?
6
What is the thousands digit of 773044015?
4
What is the ten millions digit of 40160268?
4
What is the hundred thousands digit of 92034004?
0
What is the millions digit of 10080383?
0
What is the tens digit of 51426873?
7
What is the hundred thousands digit of 17862547?
8
What is the ten thousands digit of 116834533?
3
What is the hundred thousands digit of 750410920?
4
What is the ten millions digit of 248690843?
4
What is the thousands digit of 41192399?
2
What is the hundreds digit of 172201819?
8
What is the hundred thousands digit of 1168390?
1
What is the ten thousands digit of 39637834?
3
What is the tens digit of 557529735?
3
What is the ten thousands digit of 93663920?
6
What is the hundred millions digit of 214791198?
2
What is the units digit of 74457403?
3
What is the ten millions digit of 3049749227?
4
What is the millions digit of 1596379513?
6
What is the millions digit of 3948141639?
8
What is the ten millions digit of 2513976999?
1
What is the hundred thousands digit of 1318659859?
6
What is the tens digit of 37576245?
4
What is the hundreds digit of 235612953?
9
What is the hundred thousands digit of 63372031?
3
What is the millions digit of 123567550?
3
What is the millions digit of 72426653?
2
What is the millions digit of 5339125768?
9
What is the thousands digit of 1163674165?
4
What is the tens digit of 1279972036?
3
What is the ten thousands digit of 131009658?
0
What is the units digit of 705703599?
9
What is the millions digit of 1932375314?
2
What is the tens digit of 6117345678?
7
What is the thousands digit of 1089860988?
0
What is the millions digit of 329738987?
9
What is the millions digit of 171359943?
1
What is the hundred thousands digit of 160250053?
2
What is the hundred millions digit of 710429574?
7
What is the units digit of 95114316?
6
What is the tens digit of 69381356?
5
What is the millions digit of 621020780?
1
What is the ten millions digit of 35055087?
3
What is the hundred thousands digit of 18930409?
9
What is the ten millions digit of 310938622?
1
What is the millions digit of 95001749?
5
What is the thousands digit of 12356269?
6
What is the billions digit of 1505668588?
1
What is the hundred thousands digit of 105086071?
0
What is the hundred thousands digit of 626667115?
6
What is the hundred millions digit of 1049245195?
0
What is the hundred thousands digit of 27424576?
4
What is the ten thousands digit of 4464011662?
1
What is the units digit of 6467642478?
8
What is the tens digit of 8738804?
0
What is the hundreds digit of 3774860595?
5
What is the millions digit of 166144920?
6
What is the hundred thousands digit of 226961565?
9
What is the thousands digit of 1012167174?
7
What is the millions digit of 455398428?
5
What is the thousands digit of 114569207?
9
What is the hundreds digit of 738979489?
4
What is the hundred thousands digit of 323589432?
5
What is the hundred thousands digit of 1539391454?
3
What is the units digit of 509143646?
6
What is the hundred millions digit of 1042403242?
0
What is the ten thousands digit of 47